{"id":32,"date":"2023-11-29T09:35:47","date_gmt":"2023-11-29T09:35:47","guid":{"rendered":"http:\/\/filament-art.de\/?page_id=32"},"modified":"2023-12-12T09:35:59","modified_gmt":"2023-12-12T09:35:59","slug":"was-sind-lithophane","status":"publish","type":"page","link":"https:\/\/filament-art.de\/?page_id=32","title":{"rendered":"Lithophane"},"content":{"rendered":"\n<p>Lithophane sind faszinierende Kunstwerke, die das Zusammenspiel von Licht und Schatten nutzen, um beeindruckende dreidimensionale Bilder zu erzeugen. Diese Kunstwerke werden oft aus d\u00fcnnem Material, wie Porzellan oder Kunststoff, gefertigt. Der Clou liegt in der Reliefstruktur des Materials.<br><br><\/p>\n\n\n\n<figure class=\"wp-block-gallery has-nested-images columns-default is-cropped wp-block-gallery-1 is-layout-flex wp-block-gallery-is-layout-flex\">\n<figure class=\"wp-block-image size-large\"><img loading=\"lazy\" decoding=\"async\" width=\"640\" height=\"853\" data-id=\"87\" src=\"https:\/\/i0.wp.com\/filament-art.de\/wp-content\/uploads\/2023\/12\/k-P1092791.jpg?resize=640%2C853&#038;ssl=1\" alt=\"\" class=\"wp-image-87\" srcset=\"https:\/\/i0.wp.com\/filament-art.de\/wp-content\/uploads\/2023\/12\/k-P1092791.jpg?resize=768%2C1024&amp;ssl=1 768w, https:\/\/i0.wp.com\/filament-art.de\/wp-content\/uploads\/2023\/12\/k-P1092791.jpg?resize=225%2C300&amp;ssl=1 225w, https:\/\/i0.wp.com\/filament-art.de\/wp-content\/uploads\/2023\/12\/k-P1092791.jpg?w=972&amp;ssl=1 972w\" sizes=\"auto, (max-width: 640px) 100vw, 640px\" data-recalc-dims=\"1\" \/><\/figure>\n\n\n\n<figure class=\"wp-block-image size-large\"><img loading=\"lazy\" decoding=\"async\" width=\"640\" height=\"480\" data-id=\"84\" src=\"https:\/\/i0.wp.com\/filament-art.de\/wp-content\/uploads\/2023\/12\/k-P1092788.jpg?resize=640%2C480&#038;ssl=1\" alt=\"\" class=\"wp-image-84\" srcset=\"https:\/\/i0.wp.com\/filament-art.de\/wp-content\/uploads\/2023\/12\/k-P1092788.jpg?resize=1024%2C768&amp;ssl=1 1024w, https:\/\/i0.wp.com\/filament-art.de\/wp-content\/uploads\/2023\/12\/k-P1092788.jpg?resize=300%2C225&amp;ssl=1 300w, https:\/\/i0.wp.com\/filament-art.de\/wp-content\/uploads\/2023\/12\/k-P1092788.jpg?resize=768%2C576&amp;ssl=1 768w, https:\/\/i0.wp.com\/filament-art.de\/wp-content\/uploads\/2023\/12\/k-P1092788.jpg?w=1296&amp;ssl=1 1296w\" sizes=\"auto, (max-width: 640px) 100vw, 640px\" data-recalc-dims=\"1\" \/><\/figure>\n\n\n\n<figure class=\"wp-block-image size-large\"><img loading=\"lazy\" decoding=\"async\" width=\"640\" height=\"853\" data-id=\"93\" src=\"https:\/\/i0.wp.com\/filament-art.de\/wp-content\/uploads\/2023\/12\/k-P1092797.jpg?resize=640%2C853&#038;ssl=1\" alt=\"\" class=\"wp-image-93\" srcset=\"https:\/\/i0.wp.com\/filament-art.de\/wp-content\/uploads\/2023\/12\/k-P1092797.jpg?resize=768%2C1024&amp;ssl=1 768w, https:\/\/i0.wp.com\/filament-art.de\/wp-content\/uploads\/2023\/12\/k-P1092797.jpg?resize=225%2C300&amp;ssl=1 225w, https:\/\/i0.wp.com\/filament-art.de\/wp-content\/uploads\/2023\/12\/k-P1092797.jpg?w=972&amp;ssl=1 972w\" sizes=\"auto, (max-width: 640px) 100vw, 640px\" data-recalc-dims=\"1\" \/><\/figure>\n<\/figure>\n\n\n\n<p><br><br>Wenn Licht durch die unterschiedlich dicken Teile des Lithophans scheint, entstehen Schattierungen, die das Bild in den Vordergrund heben. Je dicker das Material an einer Stelle ist, desto weniger Licht scheint hindurch, und diese Stelle erscheint dunkler. Umgekehrt erscheinen d\u00fcnnere Bereiche heller.<\/p>\n\n\n\n<p>Das Ergebnis ist ein atemberaubendes Kunstwerk, das je nach Lichteinfall und Betrachtungswinkel unterschiedliche Nuancen und Details offenbart. Lithophane fangen nicht nur das Auge ein, sondern schaffen auch eine einzigartige Atmosph\u00e4re durch die subtile Interaktion von Licht und Material. Entdecken Sie die Magie dieser kunstvollen Licht- und Schattenspiele bei Filament Art.<\/p>\n\n\n\n<p>Lithophane mittels FDM 3D-Druck zu erzeugen, ist ein faszinierender Prozess, der die Prinzipien von Licht und Schatten geschickt nutzt. Hier ist eine einfache Erkl\u00e4rung f\u00fcr Personen ohne Vorerfahrung:<\/p>\n\n\n\n<p>Beim FDM (Fused Deposition Modeling) 3D-Druck handelt es sich um einen Schicht-f\u00fcr-Schicht-Aufbauprozess. Um ein Lithophan zu erstellen, wird zuerst ein digitales 3D-Modell des gew\u00fcnschten Bildes erstellt. Dieses Modell wird dann in d\u00fcnne horizontale Schichten aufgeteilt.<\/p>\n\n\n\n<p>Der 3D-Drucker verwendet nun ein spezielles Filament, oft aus PLA (Polylactid) oder einem \u00e4hnlichen Material, um diese Schichten nacheinander aufzubauen. Dabei wird das Filament durch eine erhitzte D\u00fcse gedr\u00fcckt und auf eine Bauplatte aufgetragen. Die Dicke jeder Schicht kann pr\u00e4zise eingestellt werden.<\/p>\n\n\n\n<p>Hier kommt der entscheidende Teil f\u00fcr Lithophane: An den Stellen des Bildes, die heller erscheinen sollen, werden d\u00fcnnere Schichten gedruckt. An den Stellen, die dunkler erscheinen sollen, werden dickere Schichten erstellt. Dieser Unterschied in der Schichtdicke f\u00fchrt dazu, dass Licht unterschiedlich durch das Material scheint.<\/p>\n\n\n\n<p>Wenn das Lithophan beleuchtet wird, durchdringt das Licht die d\u00fcnnen Bereiche leichter, w\u00e4hrend es in den dickeren Bereichen absorbiert wird. Dadurch entstehen unterschiedliche Helligkeitsstufen, die das Bild mit erstaunlicher Detailtreue und Tiefe zum Leben erwecken.<\/p>\n\n\n\n<p>Die Kunst des FDM 3D-Drucks bei Lithophanen liegt in der pr\u00e4zisen Steuerung der Schichtdicken, um ein beeindruckendes Spiel von Licht und Schatten zu erzeugen und so kunstvolle, dreidimensionale Bilder zu schaffen.<\/p>\n","protected":false},"excerpt":{"rendered":"<p>Lithophane sind faszinierende Kunstwerke, die das Zusammenspiel von Licht und Schatten nutzen, um beeindruckende dreidimensionale Bilder zu erzeugen. Diese Kunstwerke werden oft aus d\u00fcnnem Material, wie Porzellan oder Kunststoff, gefertigt. Der Clou liegt in der Reliefstruktur des Materials. Wenn Licht durch die unterschiedlich dicken Teile des Lithophans scheint, entstehen Schattierungen, die das Bild in den [&hellip;]<\/p>\n","protected":false},"author":1,"featured_media":0,"parent":0,"menu_order":0,"comment_status":"closed","ping_status":"closed","template":"","meta":{"ngg_post_thumbnail":0,"footnotes":""},"class_list":["post-32","page","type-page","status-publish","hentry"],"jetpack_sharing_enabled":true,"_links":{"self":[{"href":"https:\/\/filament-art.de\/index.php?rest_route=\/wp\/v2\/pages\/32","targetHints":{"allow":["GET"]}}],"collection":[{"href":"https:\/\/filament-art.de\/index.php?rest_route=\/wp\/v2\/pages"}],"about":[{"href":"https:\/\/filament-art.de\/index.php?rest_route=\/wp\/v2\/types\/page"}],"author":[{"embeddable":true,"href":"https:\/\/filament-art.de\/index.php?rest_route=\/wp\/v2\/users\/1"}],"replies":[{"embeddable":true,"href":"https:\/\/filament-art.de\/index.php?rest_route=%2Fwp%2Fv2%2Fcomments&post=32"}],"version-history":[{"count":6,"href":"https:\/\/filament-art.de\/index.php?rest_route=\/wp\/v2\/pages\/32\/revisions"}],"predecessor-version":[{"id":373,"href":"https:\/\/filament-art.de\/index.php?rest_route=\/wp\/v2\/pages\/32\/revisions\/373"}],"wp:attachment":[{"href":"https:\/\/filament-art.de\/index.php?rest_route=%2Fwp%2Fv2%2Fmedia&parent=32"}],"curies":[{"name":"wp","href":"https:\/\/api.w.org\/{rel}","templated":true}]}}